re the prime factors of v?
3, 19, 37
Suppose -3*q + 5*h + 106 + 384 = 0, 5*h - 530 = -3*q. Suppose 13*g = -q + 1743. What are the prime factors of g?
11
Suppose -4*v - v - d = 28, -3*v - 12 = -d. Let r(s) = -s**3 - 4*s**2 + 5*s - 1. Let u(h) = h. Let j(y) = r(y) - 5*u(y). What are the prime factors of j(v)?
2, 3
Suppose 22*g = 14*g + 32. Suppose -x = -4*b + g*x + 34, -4*b + 54 = 5*x. Suppose -b*k + 973 = 225. List the prime factors of k.
2, 17
Let v(h) = -8042*h - 121. List the prime factors of v(-2).
3, 17, 313
Suppose -21*m - 82 = -187. Let g(f) be the second derivative of f**5/10 - 2*f**4/3 + 3*f**3/2 - 5*f**2 - f. What are the prime factors of g(m)?
5, 17
Let u(n) = 3*n**3 + 15*n**2 + 2*n - 37. List the prime factors of u(13).
5, 1823
Let l(x) = 1084*x - 12737. What are the prime factors of l(33)?
5, 17, 271
Suppose 5*b - 7055 = -2*z, 5*z = 8*z + 2*b - 10610. Suppose 0 = -4*s + 16*s - z. What are the prime factors of s?
5, 59
Let a(p) = -p**3 - 6*p**2 - 4*p - 3. Let m(j) = -3*j**3 - 13*j**2 - 6*j - 5. Let h(s) = 7*a(s) - 3*m(s). List the prime factors of h(5).
7, 17
Let k(j) = 45*j**3 + 7*j**2 - 15*j + 14. List the prime factors of k(9).
41, 811
List the prime factors of -141 + 36236 - 1/(-1).
2, 3, 47
Suppose -4*q + 8*f - 7*f = -4901, 2*q - f - 2451 = 0. Suppose -63*x + 56*x = -q. List the prime factors of x.
5, 7
Suppose -6*y + 2*y = 20. Let c(d) = d**3 + 14*d**2 + 12. Let t be c(-14). Let z = y + t. What are the prime factors of z?
7
What are the prime factors of ((-6258864)/(-4980))/(-1 - (-17)/15)?
2, 3, 1571
Let t(a) = 46*a**3 - 10*a**2 + 54*a + 7. Let l be t(5). Suppose -5*y + 2*u + l = 6*u, 4*y = -u + 4626. What are the prime factors of y?
13, 89
Let j(y) = 29*y**2 + 103*y - 6635. What are the prime factors of j(48)?
5, 521
Let b(v) = -v - 29. Let o be b(-16). Let z = 113 - o. What are the prime factors of z?
2, 3, 7
Let a(r) = -r**3 - 25*r**2 - 112*r + 56. List the prime factors of a(-20).
2, 37
Let o(l) = 13*l**2 - 126*l - 19. List the prime factors of o(55).
2, 3, 19, 71
Suppose 13*j + 4819 = 14*j + 2*q, 3*q - 24060 = -5*j. List the prime factors of j.
3, 7, 229
Let q(l) be the first derivative of -l**4/4 - 11*l**3/3 + 13*l**2/2 - 23*l + 18. Let f be q(-12). What are the prime factors of 10/f - (-639)/7?
7, 13
Let d = 48292 + -9333. What are the prime factors of d?
38959
Let t(r) = r**2 - 19*r - 75. Let l be t(22). List the prime factors of 19 + ((-30)/l)/(4/(-6)).
2, 7
Suppose -3*q - 2006 = -5*k - 6227, 2*k = -4*q - 1704. Let v be (k/8)/(25/20 - 1). Let n = v + 710. List the prime factors of n.
7, 41
Let v = -149 + 153. Suppose 117 = -v*q + 3*b + 713, 0 = 5*q + 2*b - 722. What are the prime factors of q?
2, 73
Let c = -964 - -1092. List the prime factors of c.
2
Let l = 395 + 4472. List the prime factors of l.
31, 157
Let l = -243 + 124. Let f = l - -148. Let x = f + 173. List the prime factors of x.
2, 101
Let c = 229 - 226. Suppose 12 = -3*a, -27*a = c*s - 29*a - 269. What are the prime factors of s?
3, 29
Let r(b) = 3*b. Let x be r(-41). What are the prime factors of ((-282)/(-18))/((-1)/x)?
41, 47
Let g = 6587 - 2025. Suppose 39*s - 18994 = g. List the prime factors of s.
2, 151
Let l be (1*-1)/(14/(-294)). Suppose 6*h - 5*h = 3*s + 16, h - l = 4*s. What are the prime factors of (40/12)/s - 200/(-3)?
2, 3, 11
Let d(u) = 5856*u + 0*u**2 + u**2 + 104 - 5850*u. List the prime factors of d(17).
3, 5, 11
Let f(m) = 39*m + 1832. List the prime factors of f(-23).
5, 11, 17
Suppose -3*s = -2*q - 12, 2*q = -s - 4*s + 4. Let t be 3/(-8)*-4*s. Suppose 0 = 5*y, -3*d + 13 + 62 = t*y. List the prime factors of d.
5
Let m(j) = 379*j**2 + 20*j - 46. What are the prime factors of m(-6)?
2, 23, 293
Let q be 15/(-10) + (-752)/32. Let a = -15 - 6. Let o = a - q. What are the prime factors of o?
2
Let h(w) = 272*w - 25. Let z be (4 + -1)/(-3 - -4). Let s be h(z). Suppose 15*o + 131 = s. List the prime factors of o.
2, 11
Suppose -34*r + 290485 = 126*r - 1133675. What are the prime factors of r?
3, 23, 43
Let x(m) = -4*m**3 - 3*m**2 + 6*m + 6. Suppose 0*a - a - 81 = 0. Let c = -85 - a. List the prime factors of x(c).
2, 5, 19
Suppose 3*j + 4*c - 2737 = 2577, 4 = 4*c. What are the prime factors of j?
2, 3, 5, 59
Let g(w) = w**3 - 2*w + 1. Let p(h) = -10*h**3 + 3*h**2 + 12*h + 4. Let j(n) = 2*g(n) - p(n). List the prime factors of j(5).
17, 79
Let c(k) = 5*k**2 - 14*k + 323. List the prime factors of c(28).
3851
Let r(b) = 59*b - 257. List the prime factors of r(8).
5, 43
Suppose 0 = -20*p + 2 - 2. Suppose -3*n - 53 = -953. Suppose -6*z + z + n = p. What are the prime factors of z?
2, 3, 5
Suppose -11*z + 154 = 286. List the prime factors of z/(-18)*28644/14.
2, 11, 31
Suppose -104556 - 714451 = -174*p - 109957. List the prime factors of p.
5, 163
Let k = 42818 - 30494. List the prime factors of k.
2, 3, 13, 79
Let x = -86 - -85. Let m be (4 + -7)*x - -1. Suppose 4*g - g - m*r = 183, 5*g = -r + 282. What are the prime factors of g?
3, 19
Let o(s) = -2*s**3 - 8*s**2 - 7*s - 8. Suppose 8*i - 12*i = -228. Let u = i + -62. List the prime factors of o(u).
7, 11
Let t be 1/((17/(-8) - -2)*-2). Suppose 5*i - 15 = -4*o, 2*i = -2*o - t + 10. Suppose o = d - 3*d - 10, -3*d = y - 108. What are the prime factors of y?
3, 41
Suppose 43*i - 18*i = 108775. List the prime factors of i.
19, 229
List the prime factors of (1237/2)/(79/632).
2, 1237
Let l(y) = -8*y**3 - 5*y**2 + 9*y + 33. Suppose 13*d + 13 = -39. What are the prime factors of l(d)?
3, 11, 13
Suppose 6*t + 10*t - 217205 = -24789. What are the prime factors of t?
2, 7, 859
Suppose 0 = -5*a + 18 + 42. Let m(n) = 7*n - 26 - 20*n + a*n + 5*n. What are the prime factors of m(12)?
2, 11
Let c(q) = -2*q + 15. Let w be (-39)/6 - 1/2. Let o(v) = 2*v + 10. Let d be o(w). List the prime factors of c(d).
23
Let i(g) = 15*g + 14. Let q be i(2). Suppose q*t - 51*t + 2961 = 0. What are the prime factors of t?
3, 47
Suppose 3*y + 4*j = -15 - 2, 3*y + 25 = 4*j. Let w(p) = 2*p**2 + 14*p + 47. List the prime factors of w(y).
47
Suppose 2*i - 59 = -53. Suppose 3*j = 4*m - 12, 8*j + 3*m - 9 = i*j. Suppose 0 = -4*c - 3*g + 75, c - 2*g - 16 = -j*c. What are the prime factors of c?
2, 3
Let m be (-2 + (2 - -2))*66/(-12). Let n be (0 - 5) + 4 + m. Let x(z) = -z**2 - 24*z - 14. List the prime factors of x(n).
2, 5, 13
Let o(g) = -g**3 + 4*g**2 - g - 1. Let z be o(-3). Let w(p) = -4*p + 22. Let m be w(2). Let y = z - m. List the prime factors of y.
3, 17
Let q(s) = 17*s**3 + 37*s**2 - 15*s - 11. What are the prime factors of q(8)?
3, 7, 521
Let x = 4175 + 350. List the prime factors of x.
5, 181
Suppose -s + 487 - 113 = 0. Suppose 692 + s = 13*t. Suppose n + 5*j + t = 340, 5*j - 516 = -2*n. What are the prime factors of n?
2, 3, 43
Let h(w) = w**2 + 9*w - 18. Suppose -2*i - 4*z + 10 = 0, -i + 6 = -5*z - 34. Let r = i + -9. List the prime factors of h(r).
2, 3
Let w be 13423/124*(0 - -4). Let i = 402 + w. What are the prime factors of i?
5, 167
List the prime factors of (-11)/11 + -1 + (0 - 1)*-8861.
3, 2953
Let p(r) be the second derivative of r**4/12 + 7*r**3/6 + 13*r**2 - r + 26. List the prime factors of p(21).
2, 307
Suppose 55*h - 4042484 = 12*h - 73*h. What are the prime factors of h?
34849
Suppose -9 = 2*q - 31. Let u(l) = l**3 - 11*l**2 + 13*l + 26. List the prime factors of u(q).
13
Let z(l) = l - 15. Let h be z(-12). List the prime factors of (2 - 1) + 194 + h/(-9).
2, 3, 11
Let m(l) = 243 - 8*l - 3*l**2 + 2*l**2 + 6*l. List the prime factors of m(0).
3
Let g(h) = 7*h - 14. Let t be (-16)/5 + -2 + (-3)/(-15). Let p be g(t). Let r = 172 - p. What are the prime factors of r?
13, 17
Suppose -i = 5*x + 104 - 92, 0 = -2*x. What are the prime factors of -7 - 11826/i - 3/(-2)?
2, 5, 7
Suppose -3*h + 4*f - 8*f = -18532, -f = 2*h - 12358. List the prime factors of h.
2, 3, 5, 103
Let k = 13095 + -1284. What are the prime factors of k?
3, 31, 127
List the prime factors of (218/(-2))/((-225)/(-1896) + (-1)/8).
2, 79, 109
Let p(w) = -36*w - 299. Let m be p(42). Let c = -716 - m. What are the prime factors of c?
3, 5, 73
Let q = -77453 - -110090. What are the prime factors of q?
3, 11, 23, 43
Suppose 13*i - 21*i = -160. Suppose -16*c + i*c - 1732 = 0. List the prime factors of c.
433
Let m = -29478 - -55740. What are the prim